{"id":786,"date":"2026-04-26T00:02:32","date_gmt":"2026-04-26T03:02:32","guid":{"rendered":"https:\/\/cnlbsul2.org.br\/site\/?page_id=786"},"modified":"2026-04-26T00:04:08","modified_gmt":"2026-04-26T03:04:08","slug":"programa-de-formacao-em-dsi","status":"publish","type":"page","link":"https:\/\/cnlbsul2.org.br\/site\/programa-de-formacao-em-dsi\/","title":{"rendered":"Programa de Forma\u00e7\u00e3o em DSI"},"content":{"rendered":"\n<figure class=\"wp-block-image aligncenter size-medium\"><img loading=\"lazy\" decoding=\"async\" width=\"240\" height=\"300\" src=\"https:\/\/cnlbsul2.org.br\/site\/wp-content\/uploads\/2026\/04\/EscolaDeDSI_CNLBSul2-240x300.jpeg\" alt=\"\" class=\"wp-image-787\" srcset=\"https:\/\/cnlbsul2.org.br\/site\/wp-content\/uploads\/2026\/04\/EscolaDeDSI_CNLBSul2-240x300.jpeg 240w, https:\/\/cnlbsul2.org.br\/site\/wp-content\/uploads\/2026\/04\/EscolaDeDSI_CNLBSul2-819x1024.jpeg 819w, https:\/\/cnlbsul2.org.br\/site\/wp-content\/uploads\/2026\/04\/EscolaDeDSI_CNLBSul2-768x960.jpeg 768w, https:\/\/cnlbsul2.org.br\/site\/wp-content\/uploads\/2026\/04\/EscolaDeDSI_CNLBSul2.jpeg 1080w\" sizes=\"auto, (max-width: 240px) 100vw, 240px\" \/><\/figure>\n\n\n\n<p class=\"has-text-align-center\"><strong><em>Programa de Forma\u00e7\u00e3o em DOUTRINA SOCIAL DA IGREJA .<\/em><\/strong><\/p>\n\n\n\n<div style=\"height:20px\" aria-hidden=\"true\" class=\"wp-block-spacer\"><\/div>\n\n\n\n<p>Uma iniciativa da Articula\u00e7\u00e3o das Pastorais Sociais do Regional Sul 2, Paran\u00e1.<\/p>\n\n\n\n<div style=\"height:20px\" aria-hidden=\"true\" class=\"wp-block-spacer\"><\/div>\n\n\n\n<p>Visa contribuir com agentes de pastoral, lideran\u00e7as comunit\u00e1rias, interessados em aprofundar sua f\u00e9 e sua a\u00e7\u00e3o s\u00f3cio transformadora.<\/p>\n\n\n\n<div style=\"height:20px\" aria-hidden=\"true\" class=\"wp-block-spacer\"><\/div>\n\n\n\n<p>Ser\u00e3o tr\u00eas encontros remotos e o \u00faltimo de forma h\u00edbrida, ou seja, presencial (em Guarapuava) e remoto para quem n\u00e3o puder se fazer presente.<\/p>\n\n\n\n<div style=\"height:20px\" aria-hidden=\"true\" class=\"wp-block-spacer\"><\/div>\n\n\n\n<p><strong><em>Datas dos Encontros Remotos<\/em><\/strong> 18\/05; 15\/06 e 17\/08<\/p>\n\n\n\n<p>Sempre \u00e0s 19h30.<\/p>\n\n\n\n<div style=\"height:20px\" aria-hidden=\"true\" class=\"wp-block-spacer\"><\/div>\n\n\n\n<p><strong>Data do Encontro presencial<\/strong> dias 29 e 30\/08 e de forma h\u00edbrida (maiores informa\u00e7\u00f5es na sequ\u00eancia)<\/p>\n\n\n\n<div style=\"height:20px\" aria-hidden=\"true\" class=\"wp-block-spacer\"><\/div>\n\n\n\n<p>Os professores ser\u00e3o os pr\u00f3prios autores da Cole\u00e7\u00e3o e dos Cadernos de Estudo: <em>Padre Altair Manieri<\/em>, <em>Padre Jeferson Nogueira da Matta<\/em> e <em>Padre Leomar Ant\u00f4nio Montagna<\/em>.<\/p>\n\n\n\n<div style=\"height:20px\" aria-hidden=\"true\" class=\"wp-block-spacer\"><\/div>\n\n\n\n<p>Com direito \u00e0 certificado para o m\u00ednimo de 75% de frequ\u00eancia.<br><strong><em>Evento gratuito.<\/em><\/strong><\/p>\n\n\n\n<div style=\"height:20px\" aria-hidden=\"true\" class=\"wp-block-spacer\"><\/div>\n\n\n\n<p>Inscri\u00e7\u00f5es pelo link:<br><a href=\"https:\/\/forms.gle\/XZ8tMWvVoLcmgEi47\">https:\/\/forms.gle\/XZ8tMWvVoLcmgEi47<\/a><\/p>\n\n\n\n<div style=\"height:20px\" aria-hidden=\"true\" class=\"wp-block-spacer\"><\/div>\n\n\n\n<p>Realiza\u00e7\u00e3o:<br>Pastoral Social da CNBB do S2<\/p>\n\n\n\n<p><\/p>\n","protected":false},"excerpt":{"rendered":"<p>Programa de Forma\u00e7\u00e3o em DOUTRINA SOCIAL DA IGREJA . Uma iniciativa da Articula\u00e7\u00e3o das Pastorais Sociais do Regional Sul 2, Paran\u00e1. Visa contribuir com agentes de pastoral, lideran\u00e7as comunit\u00e1rias, interessados [&hellip;]<\/p>\n","protected":false},"author":1,"featured_media":0,"parent":0,"menu_order":0,"comment_status":"closed","ping_status":"closed","template":"","meta":{"pagelayer_contact_templates":[],"_pagelayer_content":"","_EventAllDay":false,"_EventTimezone":"","_EventStartDate":"","_EventEndDate":"","_EventStartDateUTC":"","_EventEndDateUTC":"","_EventShowMap":false,"_EventShowMapLink":false,"_EventURL":"","_EventCost":"","_EventCostDescription":"","_EventCurrencySymbol":"","_EventCurrencyCode":"","_EventCurrencyPosition":"","_EventDateTimeSeparator":"","_EventTimeRangeSeparator":"","_EventOrganizerID":[],"_EventVenueID":[],"_OrganizerEmail":"","_OrganizerPhone":"","_OrganizerWebsite":"","_VenueAddress":"","_VenueCity":"","_VenueCountry":"","_VenueProvince":"","_VenueState":"","_VenueZip":"","_VenuePhone":"","_VenueURL":"","_VenueStateProvince":"","_VenueLat":"","_VenueLng":"","_VenueShowMap":false,"_VenueShowMapLink":false,"footnotes":""},"class_list":["post-786","page","type-page","status-publish","hentry"],"_links":{"self":[{"href":"https:\/\/cnlbsul2.org.br\/site\/wp-json\/wp\/v2\/pages\/786","targetHints":{"allow":["GET"]}}],"collection":[{"href":"https:\/\/cnlbsul2.org.br\/site\/wp-json\/wp\/v2\/pages"}],"about":[{"href":"https:\/\/cnlbsul2.org.br\/site\/wp-json\/wp\/v2\/types\/page"}],"author":[{"embeddable":true,"href":"https:\/\/cnlbsul2.org.br\/site\/wp-json\/wp\/v2\/users\/1"}],"replies":[{"embeddable":true,"href":"https:\/\/cnlbsul2.org.br\/site\/wp-json\/wp\/v2\/comments?post=786"}],"version-history":[{"count":3,"href":"https:\/\/cnlbsul2.org.br\/site\/wp-json\/wp\/v2\/pages\/786\/revisions"}],"predecessor-version":[{"id":790,"href":"https:\/\/cnlbsul2.org.br\/site\/wp-json\/wp\/v2\/pages\/786\/revisions\/790"}],"wp:attachment":[{"href":"https:\/\/cnlbsul2.org.br\/site\/wp-json\/wp\/v2\/media?parent=786"}],"curies":[{"name":"wp","href":"https:\/\/api.w.org\/{rel}","templated":true}]}}

Programa de Formação em DSI

<figure class="wp-block-image aligncenter size-medium"><img loading="lazy" decoding="async" width="240" height="300" src="https://cnlbsul2.org.br/site/wp-content/uploads/2026/04/EscolaDeDSI_CNLBSul2-240x300.jpeg" alt="" class="wp-image-787" srcset="https://cnlbsul2.org.br/site/wp-content/uploads/2026/04/EscolaDeDSI_CNLBSul2-240x300.jpeg 240w, https://cnlbsul2.org.br/site/wp-content/uploads/2026/04/EscolaDeDSI_CNLBSul2-819x1024.jpeg 819w, https://cnlbsul2.org.br/site/wp-content/uploads/2026/04/EscolaDeDSI_CNLBSul2-768x960.jpeg 768w, https://cnlbsul2.org.br/site/wp-content/uploads/2026/04/EscolaDeDSI_CNLBSul2.jpeg 1080w" sizes="auto, (max-width: 240px) 100vw, 240px" /></figure>



<p class="has-text-align-center"><strong><em>Programa de Formação em DOUTRINA SOCIAL DA IGREJA .</em></strong></p>



<div style="height:20px" aria-hidden="true" class="wp-block-spacer"></div>



<p>Uma iniciativa da Articulação das Pastorais Sociais do Regional Sul 2, Paraná.</p>



<div style="height:20px" aria-hidden="true" class="wp-block-spacer"></div>



<p>Visa contribuir com agentes de pastoral, lideranças comunitárias, interessados em aprofundar sua fé e sua ação sócio transformadora.</p>



<div style="height:20px" aria-hidden="true" class="wp-block-spacer"></div>



<p>Serão três encontros remotos e o último de forma híbrida, ou seja, presencial (em Guarapuava) e remoto para quem não puder se fazer presente.</p>



<div style="height:20px" aria-hidden="true" class="wp-block-spacer"></div>



<p><strong><em>Datas dos Encontros Remotos</em></strong> 18/05; 15/06 e 17/08</p>



<p>Sempre às 19h30.</p>



<div style="height:20px" aria-hidden="true" class="wp-block-spacer"></div>



<p><strong>Data do Encontro presencial</strong> dias 29 e 30/08 e de forma híbrida (maiores informações na sequência)</p>



<div style="height:20px" aria-hidden="true" class="wp-block-spacer"></div>



<p>Os professores serão os próprios autores da Coleção e dos Cadernos de Estudo: <em>Padre Altair Manieri</em>, <em>Padre Jeferson Nogueira da Matta</em> e <em>Padre Leomar Antônio Montagna</em>.</p>



<div style="height:20px" aria-hidden="true" class="wp-block-spacer"></div>



<p>Com direito à certificado para o mínimo de 75% de frequência.<br><strong><em>Evento gratuito.</em></strong></p>



<div style="height:20px" aria-hidden="true" class="wp-block-spacer"></div>



<p>Inscrições pelo link:<br><a href="https://forms.gle/XZ8tMWvVoLcmgEi47">https://forms.gle/XZ8tMWvVoLcmgEi47</a></p>



<div style="height:20px" aria-hidden="true" class="wp-block-spacer"></div>



<p>Realização:<br>Pastoral Social da CNBB do S2</p>



<p></p>

<p>Programa de Formação em DOUTRINA SOCIAL DA IGREJA . Uma iniciativa da Articulação das Pastorais Sociais do Regional Sul 2, Paraná. Visa contribuir com agentes de pastoral, lideranças comunitárias, interessados [&hellip;]</p>
