{"id":744,"date":"2026-04-19T19:50:32","date_gmt":"2026-04-19T22:50:32","guid":{"rendered":"https:\/\/cnlbsul2.org.br\/site\/?page_id=744"},"modified":"2026-04-19T20:01:07","modified_gmt":"2026-04-19T23:01:07","slug":"tesouraria","status":"publish","type":"page","link":"https:\/\/cnlbsul2.org.br\/site\/tesouraria\/","title":{"rendered":"Tesouraria"},"content":{"rendered":"\n<p>Encontre aqui as informa\u00e7\u00f5es sobre as movimenta\u00e7\u00f5es cont\u00e1beis do CNLB do Regional Sul 2 a partir da <em>&#8216;Gest\u00e3o 2025&#8217;<\/em> e que pretendemos, a partir deste ano refer\u00eancia, que se torne uma constante, ano a ano.<\/p>\n\n\n\n<div style=\"height:20px\" aria-hidden=\"true\" class=\"wp-block-spacer\"><\/div>\n\n\n\n<p>Para estar bem-informado sobre como o CNLB do Regional Sul 2 administra os seus recursos, visite esta p\u00e1gina regularmente.<\/p>\n\n\n\n<div style=\"height:20px\" aria-hidden=\"true\" class=\"wp-block-spacer\"><\/div>\n\n\n\n<p><a href=\"https:\/\/cnlbsul2.org.br\/site\/prestacao-constas-ago-2026\/\" data-type=\"page\" data-id=\"730\"><em>Presta\u00e7\u00e3o de Contas do Ano Cont\u00e1bil 2025<\/em><\/a><\/p>\n\n\n\n<p><\/p>\n","protected":false},"excerpt":{"rendered":"<p>Encontre aqui as informa\u00e7\u00f5es sobre as movimenta\u00e7\u00f5es cont\u00e1beis do CNLB do Regional Sul 2 a partir da &#8216;Gest\u00e3o 2025&#8217; e que pretendemos, a partir deste ano refer\u00eancia, que se torne [&hellip;]<\/p>\n","protected":false},"author":1,"featured_media":0,"parent":0,"menu_order":0,"comment_status":"closed","ping_status":"closed","template":"","meta":{"pagelayer_contact_templates":[],"_pagelayer_content":"","_EventAllDay":false,"_EventTimezone":"","_EventStartDate":"","_EventEndDate":"","_EventStartDateUTC":"","_EventEndDateUTC":"","_EventShowMap":false,"_EventShowMapLink":false,"_EventURL":"","_EventCost":"","_EventCostDescription":"","_EventCurrencySymbol":"","_EventCurrencyCode":"","_EventCurrencyPosition":"","_EventDateTimeSeparator":"","_EventTimeRangeSeparator":"","_EventOrganizerID":[],"_EventVenueID":[],"_OrganizerEmail":"","_OrganizerPhone":"","_OrganizerWebsite":"","_VenueAddress":"","_VenueCity":"","_VenueCountry":"","_VenueProvince":"","_VenueState":"","_VenueZip":"","_VenuePhone":"","_VenueURL":"","_VenueStateProvince":"","_VenueLat":"","_VenueLng":"","_VenueShowMap":false,"_VenueShowMapLink":false,"footnotes":""},"class_list":["post-744","page","type-page","status-publish","hentry"],"_links":{"self":[{"href":"https:\/\/cnlbsul2.org.br\/site\/wp-json\/wp\/v2\/pages\/744","targetHints":{"allow":["GET"]}}],"collection":[{"href":"https:\/\/cnlbsul2.org.br\/site\/wp-json\/wp\/v2\/pages"}],"about":[{"href":"https:\/\/cnlbsul2.org.br\/site\/wp-json\/wp\/v2\/types\/page"}],"author":[{"embeddable":true,"href":"https:\/\/cnlbsul2.org.br\/site\/wp-json\/wp\/v2\/users\/1"}],"replies":[{"embeddable":true,"href":"https:\/\/cnlbsul2.org.br\/site\/wp-json\/wp\/v2\/comments?post=744"}],"version-history":[{"count":2,"href":"https:\/\/cnlbsul2.org.br\/site\/wp-json\/wp\/v2\/pages\/744\/revisions"}],"predecessor-version":[{"id":749,"href":"https:\/\/cnlbsul2.org.br\/site\/wp-json\/wp\/v2\/pages\/744\/revisions\/749"}],"wp:attachment":[{"href":"https:\/\/cnlbsul2.org.br\/site\/wp-json\/wp\/v2\/media?parent=744"}],"curies":[{"name":"wp","href":"https:\/\/api.w.org\/{rel}","templated":true}]}}